ided by 3.
0
Calculate the remainder when 279 is divided by 201.
78
What is the remainder when 447 is divided by 16?
15
Calculate the remainder when 602 is divided by 9.
8
What is the remainder when 158 is divided by 97?
61
What is the remainder when 750 is divided by 23?
14
Calculate the remainder when 14480 is divided by 34.
30
What is the remainder when 365 is divided by 336?
29
Calculate the remainder when 90 is divided by 73.
17
Calculate the remainder when 4832 is divided by 146.
14
What is the remainder when 116 is divided by 18?
8
Calculate the remainder when 1593 is divided by 145.
143
Calculate the remainder when 5322 is divided by 1772.
6
Calculate the remainder when 1573 is divided by 105.
103
Calculate the remainder when 219 is divided by 184.
35
Calculate the remainder when 268 is divided by 54.
52
Calculate the remainder when 152 is divided by 13.
9
Calculate the remainder when 148 is divided by 62.
24
What is the remainder when 3541 is divided by 197?
192
What is the remainder when 4261 is divided by 14?
5
What is the remainder when 3324 is divided by 128?
124
What is the remainder when 2020 is divided by 670?
10
Calculate the remainder when 1764 is divided by 68.
64
Calculate the remainder when 370 is divided by 72.
10
Calculate the remainder when 689 is divided by 77.
73
Calculate the remainder when 778 is divided by 12.
10
What is the remainder when 182 is divided by 23?
21
Calculate the remainder when 680 is divided by 50.
30
What is the remainder when 168 is divided by 17?
15
What is the remainder when 471 is divided by 161?
149
Calculate the remainder when 99 is divided by 9.
0
What is the remainder when 199 is divided by 34?
29
Calculate the remainder when 16217 is divided by 18.
17
Calculate the remainder when 393 is divided by 132.
129
Calculate the remainder when 1329 is divided by 7.
6
What is the remainder when 114 is divided by 45?
24
Calculate the remainder when 711 is divided by 351.
9
What is the remainder when 367 is divided by 125?
117
Calculate the remainder when 566 is divided by 55.
16
Calculate the remainder when 644 is divided by 18.
14
Calculate the remainder when 112 is divided by 38.
36
Calculate the remainder when 121 is divided by 99.
22
What is the remainder when 98 is divided by 25?
23
Calculate the remainder when 644 is divided by 38.
36
What is the remainder when 82 is divided by 4?
2
Calculate the remainder when 771 is divided by 5.
1
What is the remainder when 881 is divided by 6?
5
Calculate the remainder when 1990 is divided by 24.
22
What is the remainder when 155 is divided by 10?
5
Calculate the remainder when 187 is divided by 186.
1
What is the remainder when 153 is divided by 83?
70
What is the remainder when 40 is divided by 16?
8
What is the remainder when 2012 is divided by 331?
26
What is the remainder when 1614 is divided by 44?
30
What is the remainder when 361 is divided by 7?
4
What is the remainder when 321 is divided by 81?
78
Calculate the remainder when 274 is divided by 95.
84
Calculate the remainder when 1256 is divided by 219.
161
Calculate the remainder when 157 is divided by 75.
7
What is the remainder when 168 is divided by 9?
6
Calculate the remainder when 313 is divided by 35.
33
Calculate the remainder when 179 is divided by 173.
6
What is the remainder when 15723 is divided by 85?
83
What is the remainder when 40 is divided by 21?
19
What is the remainder when 62 is divided by 24?
14
What is the remainder when 82 is divided by 22?
16
Calculate the remainder when 733 is divided by 41.
36
What is the remainder when 367 is divided by 69?
22
What is the remainder when 64931 is divided by 65?
61
What is the remainder when 1133 is divided by 37?
23
What is the remainder when 46 is divided by 33?
13
What is the remainder when 1144 is divided by 1143?
1
Calculate the remainder when 288 is divided by 145.
143
What is the remainder when 86 is divided by 34?
18
What is the remainder when 145 is divided by 22?
13
What is the remainder when 16 is divided by 6?
4
Calculate the remainder when 360 is divided by 66.
30
Calculate the remainder when 61 is divided by 31.
30
Calculate the remainder when 71 is divided by 51.
20
Calculate the remainder when 59 is divided by 10.
9
What is the remainder when 91 is divided by 23?
22
What is the remainder when 1852 is divided by 615?
7
Calculate the remainder when 709 is divided by 3.
1
Calculate the remainder when 2086 is divided by 2081.
5
What is the remainder when 146 is divided by 7?
6
Calculate the remainder when 137 is divided by 10.
7
What is the remainder when 1006 is divided by 53?
52
Calculate the remainder when 91 is divided by 52.
39
What is the remainder when 480 is divided by 122?
114
What is the remainder when 178 is divided by 20?
18
What is the remainder when 382 is divided by 55?
52
What is the remainder when 190 is divided by 32?
30
What is the remainder when 51 is divided by 13?
12
Calculate the remainder when 264 is divided by 75.
39
Calculate the remainder when 3761 is divided by 7.
2
Calculate the remainder when 12187 is divided by 22.
21
What is the remainder when 1449 is divided by 1435?
14
What is the remainder when 43 is divided by 16?
11
What is the remainder when 1978 is divided by 18?
16
What is the remainder when 109 is divided by 96?
13
What is the remainder when 2688 is divided by 49?
42
Calculate the remainder when 89 is divided by 23.
20
What is the remainder when 2015 is divided by 82?
47
Calculate the remainder when 555 is divided by 31.
28
Calculate the remainder when 664 is divided by 23.
20
Calculate the remainder when 334 is divided by 124.
86
What is the remainder when 1696 is divided by 22?
2
What is the remainder when 1433 is divided by 145?
128
Calculate the remainder when 6758 is divided by 52.
50
What is the remainder when 202 is divided by 95?
12
What is the remainder when 19592 is divided by 202?
200
Calculate the remainder when 2081 is divided by 614.
239
Calculate the remainder when 513 is divided by 22.
7
What is the remainder when 9190 is divided by 91?
90
What is the remainder when 97 is divided by 57?
40
What is the remainder when 341 is divided by 45?
26
What is the remainder when 1287 is divided by 30?
27
Calculate the remainder when 146 is divided by 23.
8
Calculate the remainder when 3063 is divided by 73.
70
What is the remainder when 413 is divided by 386?
27
What is the remainder when 260 is divided by 132?
128
Calculate the remainder when 2969 is divided by 738.
17
Calculate the remainder when 28 is divided by 27.
1
Calculate the remainder when 131 is divided by 69.
62
Calculate the remainder when 538 is divided by 119.
62
What is the remainder when 1997 is divided by 16?
13
What is the remainder when 38 is divided by 11?
5
Calculate the remainder when 98 is divided by 8.
2
What is the remainder when 961 is divided by 29?
4
Calculate the remainder when 5612 is divided by 52.
48
Calculate the remainder when 412 is divided by 139.
134
Calculate the remainder when 3812 is divided by 5.
2
Calculate the remainder when 778 is divided by 17.
13
What is the remainder when 209 is divided by 54?
47
Calculate the remainder when 5161 is divided by 34.
27
Calculate the remainder when 223 is divided by 51.
19
Calculate the remainder when 3399 is divided by 27.
24
What is the remainder when 14499 is divided by 58?
57
What is the remainder when 748 is divided by 107?
106
What is the remainder when 1548 is divided by 64?
12
What is the remainder when 177 is divided by 40?
17
What is the remainder when 247 is divided by 25?
22
Calculate the remainder when 799 is divided by 25.
24
What is the remainder when 2455 is divided by 221?
24
What is the remainder when 22 is divided by 10?
2
Calculate the remainder when 1235 is divided by 17.
11
Calculate the remainder when 209 is divided by 106.
103
Calculate the remainder when 179 is divided by 174.
5
What is the remainder when 667 is divided by 186?
109
What is the remainder when 778 is divided by 52?
50
What is the remainder when 2104 is divided by 32?
24
Calculate the remainder when 1461 is divided by 449.
114
What is the remainder when 17 is divided by 12?
5
What is the remainder when 88 is divided by 25?
13
What is the remainder when 238 is div